
Calculate (101 - 93) + 4 + -7.
5
What is -4 + (-5 + 4 - -5) + (2 - -4)?
6
Evaluate -3 - (-10 - -13) - 2 - -18.
10
What is 0 - (42 - 25) - (1 + 0)?
-18
(59 - (-33 - -55)) + -54
-17
What is the value of 0 + 1 + (17 - 41) + 22?
-1
What is 11 - ((12 - (-3 + 5)) + 3)?
-2
What is the value of 175 - 158 - (-2 + 26)?
-7
Calculate -15 + 18 + (-2 + 5 - (2 - 2)).
6
Evaluate -55 + (20 + 4 - -3).
-28
Calculate -2 - (5 - 0 - 8) - 3 - 0.
-2
What is the value of (-1 - (-11 + 7)) + -12 + 2 + 0?
-7
What is the value of (-1 - -1 - (-100 + 106)) + -12?
-18
Calculate 0 + 9 + 6 + (9 - 22) + 8.
10
Evaluate (-13 + 4 - 5) + 27.
13
Calculate 5 + -4 + (-11 - -10).
0
Calculate (0 + -11 + 17 - (3 - -4)) + -27.
-28
Calculate -65 + 30 + -14 - -23.
-26
Evaluate -1 + 5 - (9 + -19 - -14) - 10.
-10
Calculate 1 - (10 - 5 - (12 - 9 - 17)).
-18
What is 14 + -34 + 9 - -8?
-3
What is the value of 4 + 5 + -6 + -5?
-2
What is 1 + (7 - 2) - (-22 + 15 + 13)?
0
Calculate 1 - (1 + 1 - (39 + -32)).
6
Evaluate 11 + (3 - (60 + -27)).
-19
Calculate (3 - 11 - -1) + 5 + 5 + -10.
-7
What is -18 + -7 - -16 - -2?
-7
What is the value of 3 + (-5 + 6 - (1 - 2)) - -5?
10
What is 5 + -7 - (6 + -22 - -25)?
-11
Evaluate 1 + 7 - ((26 - -2) + -6).
-14
What is -5 + -32 + 31 + 4 + -1?
-3
Evaluate 9 - 3 - (15 + 0).
-9
21 - (27 - (13 + 14))
21
Calculate 32 - (16 - (1 - -3)) - (7 - 0).
13
Evaluate (-9 - -18) + 31 - (-1 - (-12 + 4)).
33
-15 + (0 - (-2 - -7))
-20
1 + (1 - (6 + -16 - -8)) + 8
12
What is the value of -10 + -28 - -5 - -22?
-11
Evaluate (490 - 528) + (41 - -1).
4
What is the value of (-10 - -3) + (0 - -4 - 6) + 3?
-6
-5 - (-1 + 2) - (-39 - -36)
-3
((-10 - -2) + 13 - 7) + 15 + 0
13
What is -4 + (8 - (-6 + 11) - 4) - -4?
-1
Evaluate 0 + 2 + 16 + -1092 + 1051.
-23
(-35 - -13) + -6 + 43
15
Calculate -7 - -2 - -5 - (-10 + 8).
2
3 - (-6 + -11 + 31 - 4)
-7
Evaluate (11 - 2) + (-14 - -2) - (-4 + 12).
-11
(2 - -12 - 20) + -4 + -2
-12
What is the value of 11 + 15 + -42 + 18?
2
Evaluate -57 + (8 - -27) - -35.
13
Calculate (20 - -9 - 3) + -28.
-2
0 - 2 - 1 - (-62 - (-134 - -54))
-21
What is -9 - (21 - 7 - 21)?
-2
Evaluate 1 - (4 + (-7 - 0) + (-54 - -44)).
14
Calculate -18 + (49 + -38 - 11).
-18
Evaluate 12 - ((12 - (-4 + 12)) + 21).
-13
What is (19 - 19) + 28 + -30 + (-18 - -1)?
-19
What is the value of -7 + -8 + (24 - -3) + -3 + 5?
14
What is the value of (-3 - -7) + -9 - (-31 + 10)?
16
What is the value of -300 + 278 - (-1 + -32)?
11
Calculate 124 - 123 - (-9 + (4 - (4 + -2))).
8
Evaluate (8 - 2 - (-3 + 8 + -3)) + 7.
11
Evaluate -5 + 1 - ((9 - (27 - 13)) + -24).
25
What is (-14 - (-5 - 4)) + 3 - -15?
13
What is the value of 17 - (-2 - 2) - (143 + -133)?
11
Evaluate -4 + 7 - (-1 + -2 - -10).
-4
What is the value of -128 + 119 + -18 + -5 + 4?
-28
What is the value of (2 + -9 - -8) + -6?
-5
What is the value of 14 + -19 + -2 + -12?
-19
(-17 - -34 - -4) + -21
0
Evaluate (-8 - (10 - -5)) + 0 + 7.
-16
(15 - 2) + 306 + -296
23
What is -1 + -55 - -33 - (-2 + (-3 - -8))?
-26
Calculate 1 - (-7 - -26 - 35).
17
What is 0 + (-13 - 2) + -1 + 18 + -14?
-12
What is the value of -1 - (9 - 0 - (18 - 17))?
-9
-1 - (-14 + 25) - (4 + -5 + 1)
-12
Evaluate 17 - (-2 - (-26 - 16)).
-23
2 - ((-3 + 0 - -4) + 22 + -30)
9
Calculate -11 - (-7 + (6 - 12)) - 5.
-3
Evaluate 29 + -35 + (-4 - (2 - 1 - 4)).
-7
What is the value of -4 - 15 - 0 - -13?
-6
What is 7 + -11 + -4 + -3 + -5 + 5?
-11
Evaluate (-17 + 19 - -2) + 10.
14
(-8 - (-7 - -2)) + 4 + 9
10
Calculate (-7 + -15 + 11 - -42) + -14.
17
Calculate 2 + -1 + 16 + -34.
-17
What is the value of 2 - (-5 + 6 - (14 + -11))?
4
Evaluate (2 - 18 - -14) + -8 + 22.
12
Evaluate 3 - (7 - 9) - 1.
4
What is the value of 9 + (-71 + 21 - -19)?
-22
Evaluate -4 - -3 - (-17 + 25) - 17.
-26
Evaluate 0 - ((44 - 20) + -23).
-1
Evaluate -267 - -243 - (-38 - 2).
16
What is -10 + -4 + (6 - 1) - -2?
-7
8 + -8 + (-18 - (-19 + 3))
-2
What is 0 + -17 - (-94 - -88) - -2?
-9
What is the value of (-12 - -4) + 5 - (5 + -15 + -1)?
8
Calculate 24 + 2 + 4 + -18.
12
What is -2 + -3 - (16 + -21)?
0
Evaluate -10 + (6 - 1) + (-4 - -3) + -7.
-13
Evaluate -12 + 29 + -8 + (5 - -1).
15
Evaluate 7 + (2 - -1) + -6 + -3.
1
Calculate (55 - 41) + (-49 - -9 - -4).
-22
Calculate 4 + 2 - 3 - (-69 - -76) - 9.
-13
What is -11 + (23 - (-5 + 18))?
-1
Calculate (0 - 25 - -24) + 0 + (-34 - -4).
-31
-20 + 4 + (0 - 6) + 14
-8
Calculate -6 - (0 - (-8 + (4 - 8) + -10)).
-28
41 - 2 - (37 - (-26 + 52))
28
Evaluate 11 - (10 + 11 + 1 + 0 + -11).
0
What is the value of -11 + 15 + -3 + -2?
-1
What is (-7 - (-8 + 21)) + 38?
18
What is the value of -14 - -10 - (-7 + (-5 - -7))?
1
Evaluate -3 - (17 + -8 + (1 - -5 - -1)).
-19
Evaluate -8 + 11 + 5 + (-3 - -10) - 8.
7
What is the value of -5 + 1 + -3 - (4 + -3 + -6)?
-2
What is 6 + -6 + 5 + -8?
-3
Evaluate -4 + (18 - (20 - 11)) + (2 - 27).
-20
Calculate -31 + (7 - (-14 + 21 + -12)).
-19
Calculate (4 + -4 - 7 - (12 - 19)) + -19.
-19
Calculate (-3 - (-20 - -18)) + (2 - (3 - 0)).
-2
-1 - (10 + 8 + -3)
-16
What is the value of (16 - (14 - -7)) + 7?
2
Evaluate 24 + (-54 - 1) - (3 - 9).
-25
Evaluate -17 + (24 - 11) + (0 - -11).
7
Calculate (-12 - (6 - 11)) + 1 - (-3 - -6).
-9
Evaluate 9 + -17 - -20 - (-6 - (-5 + 1)).
14
Calculate 300 - 318 - (-20 - 2).
4
What is -1 + 5 - (20 - 8)?
-8
What is the value of -72 - -69 - (-24 + 0)?
21
Calculate 0 + 7 + -10 - (1 - (-3 - 3)).
-10
What is -1 + 3 - (-8 + 33 - (-13 - -18))?
-18
What is -29 + 27 + (-15 - -6) + 35?
24
Evaluate -961 + 974 + (14 - -2) + -2.
27
What is (3 + -7 - (6 - 1)) + 6?
-3
Calculate 10 + (-37 - (3 - (-10 - -21))).
-19
What is -840 + 878 - (0 - -1 - -10)?
27
-58 + 81 - (2 + 12)
9
Evaluate 567 + -593 + 1 + 26.
1
What is the value of (107 - 67) + -29 + (12 - 1)?
22
13 + (-14 - (-16 + 6))
9
Calculate -28 - ((-35 - -35) + -25).
-3
24 + -67 + (14 - -20)
-9
Calculate 9 - (12 + (-16 - (-2 + -7))) - 9.
-5
18 - (9 - (-19 + 10))
0
(5 + 3 - (2 + -6)) + -5 + 2
9
What is the value of 5 + 7 + (1 - 8 - 12)?
-7
What is the value of 7 + -9 + 3 + (-2 - -10) - 1?
8
Evaluate -32 + 55 - 23 - 18.
-18
Calculate (2 - (2 - -6)) + (-2385 - -2377).
-14
What is 6 + 14 + 5 + 0 + -9 - 5?
11
-1 - (2 + -19 + 6 + 13)
-3
What is the value of (-9 - 1) + 0 - (-33 - -40)?
-17
Calculate (25 - -10) + -11 - -1 - (0 - -4).
21
What is the value of 21 + -34 + -59 + 39?
-33
Evaluate -13 - -7 - (-20 + 25).
-11
What is (-3 - -2) + 5 - (-677 - -666)?
15
Evaluate 10 + 16 + 7 + -1 + -17.
15
Evaluate (51 - 48) + -11 + 3.
-5
39 + (30 + 1 - 34)
36
(0 - 17) + 25 + -9
-1
4 - (6 + (-2 - 2) - -2 - 6)
6
-24 + 7 + 6 + -6
-17
What is -87 + 87 + (-14 + -5 - -1)?
-18
Calculate 7 + (-13 - -2) + 15.
11
What is the value of 18 - (7 + 0 - (25 + (17 - 35)))?
18
Calculate 5 + 3 - (-95 - -76).
27
Calculate (0 - -5) + (19 - 16) + -8 + -11.
-11
What is the value of 5 + (-5 - 9 - -18)?
9
What is the value of (-10 + -7 - -42) + -9 - -1?
17
Evaluate (-22 - -22 - -6) + -1 + 1 + -3.
3
What is 3 + -2 + 6 - ((10 - -5) + -22)?
14
Calculate -5 + -2 - (22 - (42 - 1)).
12
What is (-1 - -39) + -584 + 555?
9
Evaluate (8 + -5 + 10 - 11) + -10.
-8
Evaluate (18 - 0) + -30 + 10.
-2
(8 - 40 - -12) + 12 - (-7 + -1)
0
4 + 6 - (17 - (44 - 29))
8
Calculate -4 + -1 - (294 + -280).
-19
What is the value of -2 + 4 - -6 - (-78 - -86)?
0
What is the value of 18 + (16 - (3 + 28))?
3
Evaluate (46 - 67 - -11) + 1 + 30.
21
What is -4 - 2 - ((4 - 13) + -18 - -9)?
12
What is the value of 3 - (-30 + 60 - (1 - -8))?
-18
Evaluate -3 + 64 + -50 + -3 + -19.
-11
What is -15 + (9 - 8 - 1)?
-15
Evaluate (-2 - -5 - 9) + (2 - -60 - 63).
-7
(-35 - -36) + (-13 - 3)
-15
19 + 1 - (-269 + 283)
6
Evaluate 0 - (10 - -2) - (904 - 921).
5
Evaluate (4 - 9) + -6 - (6 + -34 + 6).
11
-13 + (35 + -22 - (-7 - -29))
-22
What is (-1 - (-5 + -14 + 3)) + 22 + -23?
14
What is the value of (-20 - (0 + -7) - -1) + (5 - 2)?
-9
What is the value of -16 + -31 + 30 - -6?
-11
What is the value of 8 + -6 - (-72 + 70 + (0 - -2))?
2
What is the value of 18 + (11 - (24 - (9 + -2)))?
12
What is (-23 - -40 - 14) + 34?
37
Calculate 10 - (-2 - -17 - (36 + -27)).
4
What is the value of (-3 + (-7 - -9) - (3 - 6)) + 6?
8
What is the value of (-13 - 5) + 29 + -32 + 2?
-19
-1 - -1 - -7 - (0 - (12 + -8))
11
Calculate ((-7 - -12) + -9 - -5) + (-1 - 9).
-9
What is the value of -12 - (-13 + 3) - (3 + -2 + 3)?
